{"id":21701,"date":"2022-10-20T17:37:05","date_gmt":"2022-10-20T20:37:05","guid":{"rendered":"https:\/\/ihogar.com.ar\/nuevosubsitio\/?post_type=product&#038;p=21701"},"modified":"2026-01-05T11:03:53","modified_gmt":"2026-01-05T14:03:53","slug":"colchon-2p-rsrt-140x24-esmeralda","status":"publish","type":"product","link":"https:\/\/ihogar.com.ar\/litoral\/producto\/colchon-2p-rsrt-140x24-esmeralda\/","title":{"rendered":"Colch\u00f3n 2p rsrt 140&#215;24 Esmeralda"},"content":{"rendered":"<p>Estructura de resortes bic\u00f3nicos de acero de alta resistencia.<br \/>\nTela s\u00e1bana de alta resistencia totalmente matelaseada con dise\u00f1o exclusivo<br \/>\nEspesor: 24 cm<br \/>\nPeso sugerido: 70 kgs<br \/>\nGarant\u00eda 1 a\u00f1os<\/p>\n","protected":false},"excerpt":{"rendered":"<p>Estructura de resortes bic\u00f3nicos de acero de alta resistencia. Tela s\u00e1bana de alta resistencia totalmente matelaseada con dise\u00f1o exclusivo Espesor: 24 cm Peso sugerido: 70 kgs Garant\u00eda 1 a\u00f1os<\/p>\n","protected":false},"featured_media":21722,"comment_status":"open","ping_status":"closed","template":"","meta":[],"product_cat":[323,90,91],"product_tag":[],"class_list":["post-21701","product","type-product","status-publish","has-post-thumbnail","hentry","product_brand-maxiking","product_cat-colchones140r","product_cat-colchones","product_cat-colchon-resortes"],"_links":{"self":[{"href":"https:\/\/ihogar.com.ar\/litoral\/wp-json\/wp\/v2\/product\/21701","targetHints":{"allow":["GET"]}}],"collection":[{"href":"https:\/\/ihogar.com.ar\/litoral\/wp-json\/wp\/v2\/product"}],"about":[{"href":"https:\/\/ihogar.com.ar\/litoral\/wp-json\/wp\/v2\/types\/product"}],"replies":[{"embeddable":true,"href":"https:\/\/ihogar.com.ar\/litoral\/wp-json\/wp\/v2\/comments?post=21701"}],"wp:featuredmedia":[{"embeddable":true,"href":"https:\/\/ihogar.com.ar\/litoral\/wp-json\/wp\/v2\/media\/21722"}],"wp:attachment":[{"href":"https:\/\/ihogar.com.ar\/litoral\/wp-json\/wp\/v2\/media?parent=21701"}],"wp:term":[{"taxonomy":"product_cat","embeddable":true,"href":"https:\/\/ihogar.com.ar\/litoral\/wp-json\/wp\/v2\/product_cat?post=21701"},{"taxonomy":"product_tag","embeddable":true,"href":"https:\/\/ihogar.com.ar\/litoral\/wp-json\/wp\/v2\/product_tag?post=21701"}],"curies":[{"name":"wp","href":"https:\/\/api.w.org\/{rel}","templated":true}]}}