{"id":22338,"date":"2023-02-27T20:12:32","date_gmt":"2023-02-27T23:12:32","guid":{"rendered":"https:\/\/ihogar.com.ar\/nuevosubsitio\/?post_type=product&#038;p=22338"},"modified":"2026-01-05T11:03:17","modified_gmt":"2026-01-05T14:03:17","slug":"depiladora-wet-dry-bre730-00-philips","status":"publish","type":"product","link":"https:\/\/ihogar.com.ar\/litoral\/producto\/depiladora-wet-dry-bre730-00-philips\/","title":{"rendered":"Depiladora Wet &amp; Dry BRE730\/00 &#8211; Philips"},"content":{"rendered":"<p>La depiladora Philips Serie 8000 ofrece una depilaci\u00f3n potente y suave para que logres eliminar el vello de ambas piernas en tan solo 10\u00a0minutos. Disfrut\u00e1 de los beneficios m\u00e1s all\u00e1 de la depilaci\u00f3n con el set completo para tu rutina.<\/p>\n","protected":false},"excerpt":{"rendered":"<p>La depiladora Philips Serie 8000 ofrece una depilaci\u00f3n potente y suave para que logres eliminar el vello de ambas piernas en tan solo 10\u00a0minutos. Disfrut\u00e1 de los beneficios m\u00e1s all\u00e1 de la depilaci\u00f3n con el set completo para tu rutina.<\/p>\n","protected":false},"featured_media":22339,"comment_status":"open","ping_status":"closed","template":"","meta":[],"product_cat":[78,79],"product_tag":[],"class_list":["post-22338","product","type-product","status-publish","has-post-thumbnail","hentry","product_cat-cuidado-personal","product_cat-depiladoras"],"_links":{"self":[{"href":"https:\/\/ihogar.com.ar\/litoral\/wp-json\/wp\/v2\/product\/22338","targetHints":{"allow":["GET"]}}],"collection":[{"href":"https:\/\/ihogar.com.ar\/litoral\/wp-json\/wp\/v2\/product"}],"about":[{"href":"https:\/\/ihogar.com.ar\/litoral\/wp-json\/wp\/v2\/types\/product"}],"replies":[{"embeddable":true,"href":"https:\/\/ihogar.com.ar\/litoral\/wp-json\/wp\/v2\/comments?post=22338"}],"wp:featuredmedia":[{"embeddable":true,"href":"https:\/\/ihogar.com.ar\/litoral\/wp-json\/wp\/v2\/media\/22339"}],"wp:attachment":[{"href":"https:\/\/ihogar.com.ar\/litoral\/wp-json\/wp\/v2\/media?parent=22338"}],"wp:term":[{"taxonomy":"product_cat","embeddable":true,"href":"https:\/\/ihogar.com.ar\/litoral\/wp-json\/wp\/v2\/product_cat?post=22338"},{"taxonomy":"product_tag","embeddable":true,"href":"https:\/\/ihogar.com.ar\/litoral\/wp-json\/wp\/v2\/product_tag?post=22338"}],"curies":[{"name":"wp","href":"https:\/\/api.w.org\/{rel}","templated":true}]}}