{"id":22385,"date":"2023-02-28T19:49:00","date_gmt":"2023-02-28T22:49:00","guid":{"rendered":"https:\/\/ihogar.com.ar\/nuevosubsitio\/?post_type=product&#038;p=22385"},"modified":"2026-01-05T11:03:28","modified_gmt":"2026-01-05T14:03:28","slug":"ventilador-18-3-en-1-star-trak","status":"publish","type":"product","link":"https:\/\/ihogar.com.ar\/litoral\/producto\/ventilador-18-3-en-1-star-trak\/","title":{"rendered":"Ventilador 18&#8243; 3 en 1 Star Trak 90W"},"content":{"rendered":"<p><b>Ventilador STAR-TRAK 18&#8243; STP31-18 Pie \/ Turbo \/ Pared\u00a0<\/b><\/p>\n<p><b>*Modelo con rejillas pl\u00e1sticas*<\/b><\/p>\n<p><b>Caracter\u00edsticas:<\/b><\/p>\n<p>&gt; Motor de 90 Wts. Bobinado 100% Cobre<\/p>\n<p>&gt; 3 Niveles de Potencia.<\/p>\n<p>&gt; Oscilante.<\/p>\n<p>&gt; Funciones: Pie \u2013 Turbo \u2013 Pared.<\/p>\n<p>&gt; Aspa Met\u00e1lica de 5 Palas H\u00e9lices.<\/p>\n<p>&gt; Cabezal Reclinable.<\/p>\n<p>&gt; Rejas pl\u00e1sticas.<\/p>\n","protected":false},"excerpt":{"rendered":"<p>Ventilador STAR-TRAK 18&#8243; STP31-18 Pie \/ Turbo \/ Pared\u00a0 *Modelo con rejillas pl\u00e1sticas* Caracter\u00edsticas: &gt; Motor de 90 Wts. Bobinado 100% Cobre &gt; 3 Niveles de Potencia. &gt; Oscilante. &gt; Funciones: Pie \u2013 Turbo \u2013 Pared. &gt; Aspa Met\u00e1lica de 5 Palas H\u00e9lices. &gt; Cabezal Reclinable. &gt; Rejas pl\u00e1sticas.<\/p>\n","protected":false},"featured_media":22387,"comment_status":"open","ping_status":"closed","template":"","meta":[],"product_cat":[62,64,21],"product_tag":[373,360,362,372,361,374,363,359],"class_list":["post-22385","product","type-product","status-publish","has-post-thumbnail","hentry","product_cat-climatizacion","product_cat-ventiladores","product_cat-electrodomesticos","product_tag-373","product_tag-3-en-1","product_tag-90w","product_tag-de-pared","product_tag-de-pie","product_tag-pulgadas","product_tag-turbo","product_tag-ventilador"],"_links":{"self":[{"href":"https:\/\/ihogar.com.ar\/litoral\/wp-json\/wp\/v2\/product\/22385","targetHints":{"allow":["GET"]}}],"collection":[{"href":"https:\/\/ihogar.com.ar\/litoral\/wp-json\/wp\/v2\/product"}],"about":[{"href":"https:\/\/ihogar.com.ar\/litoral\/wp-json\/wp\/v2\/types\/product"}],"replies":[{"embeddable":true,"href":"https:\/\/ihogar.com.ar\/litoral\/wp-json\/wp\/v2\/comments?post=22385"}],"wp:featuredmedia":[{"embeddable":true,"href":"https:\/\/ihogar.com.ar\/litoral\/wp-json\/wp\/v2\/media\/22387"}],"wp:attachment":[{"href":"https:\/\/ihogar.com.ar\/litoral\/wp-json\/wp\/v2\/media?parent=22385"}],"wp:term":[{"taxonomy":"product_cat","embeddable":true,"href":"https:\/\/ihogar.com.ar\/litoral\/wp-json\/wp\/v2\/product_cat?post=22385"},{"taxonomy":"product_tag","embeddable":true,"href":"https:\/\/ihogar.com.ar\/litoral\/wp-json\/wp\/v2\/product_tag?post=22385"}],"curies":[{"name":"wp","href":"https:\/\/api.w.org\/{rel}","templated":true}]}}