{"id":22864,"date":"2023-08-04T09:59:14","date_gmt":"2023-08-04T12:59:14","guid":{"rendered":"https:\/\/ihogar.com.ar\/nuevosubsitio\/?post_type=product&#038;p=22864"},"modified":"2026-01-13T10:33:58","modified_gmt":"2026-01-13T13:33:58","slug":"bicicleta-r12-love-stark","status":"publish","type":"product","link":"https:\/\/ihogar.com.ar\/litoral\/producto\/bicicleta-r12-love-stark\/","title":{"rendered":"Bicicleta R12 Love &#8211; Stark"},"content":{"rendered":"<p>La bicicleta es uno de los veh\u00edculos m\u00e1s elegidos como medio de transporte, y esta tendencia se increment\u00f3 a\u00fan m\u00e1s con la pandemia del coronavirus. Adem\u00e1s de su uso para fines recreativos y deportivos, tiene un impacto muy positivo en el ambiente y el bienestar de personas de todas las edades. Sus beneficios son m\u00faltiples: es accesible, ocupa poco espacio, no genera contaminaci\u00f3n y hace bien a la salud. \u00a1Sumate a esta ola sustentable que avanza en todo el mundo!<\/p>\n<p>Balance y estabilidad en sus primeros pasos<br \/>\nSi est\u00e1s buscando confort y seguridad, las bicis infantiles son lo que necesit\u00e1s. Combinan m\u00faltiples funcionalidades para que ni\u00f1as y ni\u00f1os aprendan y disfruten de las actividades al aire libre.<\/p>\n<p>Seguridad y calidad<br \/>\nSu freno v-brake tiene varias ventajas, por ejemplo: f\u00e1cil instalaci\u00f3n, bajo costo y menor peso, en comparaci\u00f3n con otros sistemas de frenado m\u00e1s complejos.<\/p>\n","protected":false},"excerpt":{"rendered":"<p>La bicicleta es uno de los veh\u00edculos m\u00e1s elegidos como medio de transporte, y esta tendencia se increment\u00f3 a\u00fan m\u00e1s con la pandemia del coronavirus. Adem\u00e1s de su uso para fines recreativos y deportivos, tiene un impacto muy positivo en el ambiente y el bienestar de personas de todas las edades. Sus beneficios son m\u00faltiples: [&hellip;]<\/p>\n","protected":false},"featured_media":22865,"comment_status":"open","ping_status":"closed","template":"","meta":[],"product_cat":[377,375],"product_tag":[],"class_list":["post-22864","product","type-product","status-publish","has-post-thumbnail","hentry","product_cat-bicicletas","product_cat-tiempo-libre"],"_links":{"self":[{"href":"https:\/\/ihogar.com.ar\/litoral\/wp-json\/wp\/v2\/product\/22864","targetHints":{"allow":["GET"]}}],"collection":[{"href":"https:\/\/ihogar.com.ar\/litoral\/wp-json\/wp\/v2\/product"}],"about":[{"href":"https:\/\/ihogar.com.ar\/litoral\/wp-json\/wp\/v2\/types\/product"}],"replies":[{"embeddable":true,"href":"https:\/\/ihogar.com.ar\/litoral\/wp-json\/wp\/v2\/comments?post=22864"}],"wp:featuredmedia":[{"embeddable":true,"href":"https:\/\/ihogar.com.ar\/litoral\/wp-json\/wp\/v2\/media\/22865"}],"wp:attachment":[{"href":"https:\/\/ihogar.com.ar\/litoral\/wp-json\/wp\/v2\/media?parent=22864"}],"wp:term":[{"taxonomy":"product_cat","embeddable":true,"href":"https:\/\/ihogar.com.ar\/litoral\/wp-json\/wp\/v2\/product_cat?post=22864"},{"taxonomy":"product_tag","embeddable":true,"href":"https:\/\/ihogar.com.ar\/litoral\/wp-json\/wp\/v2\/product_tag?post=22864"}],"curies":[{"name":"wp","href":"https:\/\/api.w.org\/{rel}","templated":true}]}}