{"id":23002,"date":"2023-09-02T09:50:12","date_gmt":"2023-09-02T12:50:12","guid":{"rendered":"https:\/\/ihogar.com.ar\/chajari\/?post_type=product&#038;p=23002"},"modified":"2026-01-05T11:05:47","modified_gmt":"2026-01-05T14:05:47","slug":"hidrolavadora-k2-car-garden-karcher","status":"publish","type":"product","link":"https:\/\/ihogar.com.ar\/litoral\/producto\/hidrolavadora-k2-car-garden-karcher\/","title":{"rendered":"Hidrolavadora K2 Car &amp; Garden &#8211; Karcher"},"content":{"rendered":"<h5 class=\"section-headline\">ESPECIFICACIONES<\/h5>\n<div class=\"row\">\n<div class=\"col-sm-6\">\n<h3>Especificaciones t\u00e9cnicas<\/h3>\n<p>Tipo de corriente (Ph\/V\/<span class=\"fix-spelling\">Hz<\/span>) 1 \/ 220 \/ 50 &#8211; 60<br \/>\nPresi\u00f3n (PSI\/bar) 1600 \/ 110<br \/>\nCaudal (l\/h) 280<br \/>\nTemperatura de entrada (\u00b0C) 40<br \/>\nPotencia de conexi\u00f3n (W) 1200<br \/>\nCable de conexi\u00f3n (m) 5<br \/>\nPeso sin accesorios (kg) 4,5<br \/>\nPeso con embalaje incluido (kg) 8,1<br \/>\nDimensiones (la. \u00d7 an. \u00d7 al.) (mm) 255 x 281 x 798<\/p>\n<\/div>\n<div class=\"col-sm-6\">\n<h3>Equipamiento<\/h3>\n<ul>\n<li>Cepillo de lavado<\/li>\n<li>Boquilla de espuma: 0.3 l<\/li>\n<li>Vario Power Jet<\/li>\n<li>Boquilla turbo<\/li>\n<li>Filtro de agua integrado<\/li>\n<li>Adaptador para mangeras de riego A3\/4&#8243;<\/li>\n<li>Manguera de riego: 10 m<\/li>\n<\/ul>\n<\/div>\n<\/div>\n","protected":false},"excerpt":{"rendered":"<p>ESPECIFICACIONES Especificaciones t\u00e9cnicas Tipo de corriente (Ph\/V\/Hz) 1 \/ 220 \/ 50 &#8211; 60 Presi\u00f3n (PSI\/bar) 1600 \/ 110 Caudal (l\/h) 280 Temperatura de entrada (\u00b0C) 40 Potencia de conexi\u00f3n (W) 1200 Cable de conexi\u00f3n (m) 5 Peso sin accesorios (kg) 4,5 Peso con embalaje incluido (kg) 8,1 Dimensiones (la. \u00d7 an. \u00d7 al.) (mm) [&hellip;]<\/p>\n","protected":false},"featured_media":23003,"comment_status":"open","ping_status":"closed","template":"","meta":[],"product_cat":[376,76,73,375],"product_tag":[],"class_list":["post-23002","product","type-product","status-publish","has-post-thumbnail","hentry","product_cat-herramientas","product_cat-hidrolavadora","product_cat-pequenoshogar","product_cat-tiempo-libre"],"_links":{"self":[{"href":"https:\/\/ihogar.com.ar\/litoral\/wp-json\/wp\/v2\/product\/23002","targetHints":{"allow":["GET"]}}],"collection":[{"href":"https:\/\/ihogar.com.ar\/litoral\/wp-json\/wp\/v2\/product"}],"about":[{"href":"https:\/\/ihogar.com.ar\/litoral\/wp-json\/wp\/v2\/types\/product"}],"replies":[{"embeddable":true,"href":"https:\/\/ihogar.com.ar\/litoral\/wp-json\/wp\/v2\/comments?post=23002"}],"wp:featuredmedia":[{"embeddable":true,"href":"https:\/\/ihogar.com.ar\/litoral\/wp-json\/wp\/v2\/media\/23003"}],"wp:attachment":[{"href":"https:\/\/ihogar.com.ar\/litoral\/wp-json\/wp\/v2\/media?parent=23002"}],"wp:term":[{"taxonomy":"product_cat","embeddable":true,"href":"https:\/\/ihogar.com.ar\/litoral\/wp-json\/wp\/v2\/product_cat?post=23002"},{"taxonomy":"product_tag","embeddable":true,"href":"https:\/\/ihogar.com.ar\/litoral\/wp-json\/wp\/v2\/product_tag?post=23002"}],"curies":[{"name":"wp","href":"https:\/\/api.w.org\/{rel}","templated":true}]}}