{"id":23645,"date":"2025-09-23T19:12:19","date_gmt":"2025-09-23T22:12:19","guid":{"rendered":"https:\/\/ihogar.com.ar\/litoral\/?post_type=product&#038;p=23645"},"modified":"2026-01-05T11:06:34","modified_gmt":"2026-01-05T14:06:34","slug":"bajo-mesada-140-nebraska-arco-ricchezze","status":"publish","type":"product","link":"https:\/\/ihogar.com.ar\/litoral\/producto\/bajo-mesada-140-nebraska-arco-ricchezze\/","title":{"rendered":"BAJO MESADA 140 NEBRASKA ARCO &#8211; RICCHEZZE"},"content":{"rendered":"<p data-start=\"130\" data-end=\"372\">El <strong data-start=\"133\" data-end=\"190\">Bajo Mesada Richezze Arco de 140 cm en color Nebraska<\/strong> combina dise\u00f1o moderno y m\u00e1xima funcionalidad para tu cocina. Su terminaci\u00f3n en <strong data-start=\"271\" data-end=\"283\">Nebraska<\/strong> aporta un estilo c\u00e1lido y elegante, adapt\u00e1ndose a diferentes ambientes y decoraciones.<\/p>\n<p data-start=\"374\" data-end=\"713\">\u2714\ufe0f Medidas: 140 cm de ancho \u2013 amplio espacio de guardado.<br data-start=\"431\" data-end=\"434\" \/>\u2714\ufe0f Terminaci\u00f3n en <strong data-start=\"452\" data-end=\"470\">color Nebraska<\/strong>, moderna y sofisticada.<br data-start=\"494\" data-end=\"497\" \/>\u2714\ufe0f Fabricado con materiales resistentes y de f\u00e1cil limpieza.<br data-start=\"557\" data-end=\"560\" \/>\u2714\ufe0f Incluye varios compartimentos y puertas para organizar utensilios, vajilla y alimentos.<br data-start=\"650\" data-end=\"653\" \/>\u2714\ufe0f Dise\u00f1o robusto y funcional, pensado para el uso diario.<\/p>\n<p data-start=\"715\" data-end=\"839\">Un mueble que une <strong data-start=\"733\" data-end=\"766\">calidad, practicidad y estilo<\/strong>, ideal para mantener tu cocina organizada y con un look contempor\u00e1neo.<\/p>\n","protected":false},"excerpt":{"rendered":"<p>El Bajo Mesada Richezze Arco de 140 cm en color Nebraska combina dise\u00f1o moderno y m\u00e1xima funcionalidad para tu cocina. Su terminaci\u00f3n en Nebraska aporta un estilo c\u00e1lido y elegante, adapt\u00e1ndose a diferentes ambientes y decoraciones. \u2714\ufe0f Medidas: 140 cm de ancho \u2013 amplio espacio de guardado.\u2714\ufe0f Terminaci\u00f3n en color Nebraska, moderna y sofisticada.\u2714\ufe0f Fabricado [&hellip;]<\/p>\n","protected":false},"featured_media":23646,"comment_status":"open","ping_status":"closed","template":"","meta":[],"product_cat":[345,85,22],"product_tag":[],"class_list":["post-23645","product","type-product","status-publish","has-post-thumbnail","hentry","product_cat-bajo-mesadas","product_cat-cocina","product_cat-muebles"],"_links":{"self":[{"href":"https:\/\/ihogar.com.ar\/litoral\/wp-json\/wp\/v2\/product\/23645","targetHints":{"allow":["GET"]}}],"collection":[{"href":"https:\/\/ihogar.com.ar\/litoral\/wp-json\/wp\/v2\/product"}],"about":[{"href":"https:\/\/ihogar.com.ar\/litoral\/wp-json\/wp\/v2\/types\/product"}],"replies":[{"embeddable":true,"href":"https:\/\/ihogar.com.ar\/litoral\/wp-json\/wp\/v2\/comments?post=23645"}],"wp:featuredmedia":[{"embeddable":true,"href":"https:\/\/ihogar.com.ar\/litoral\/wp-json\/wp\/v2\/media\/23646"}],"wp:attachment":[{"href":"https:\/\/ihogar.com.ar\/litoral\/wp-json\/wp\/v2\/media?parent=23645"}],"wp:term":[{"taxonomy":"product_cat","embeddable":true,"href":"https:\/\/ihogar.com.ar\/litoral\/wp-json\/wp\/v2\/product_cat?post=23645"},{"taxonomy":"product_tag","embeddable":true,"href":"https:\/\/ihogar.com.ar\/litoral\/wp-json\/wp\/v2\/product_tag?post=23645"}],"curies":[{"name":"wp","href":"https:\/\/api.w.org\/{rel}","templated":true}]}}

<p data-start="130" data-end="372">El <strong data-start="133" data-end="190">Bajo Mesada Richezze Arco de 140 cm en color Nebraska</strong> combina diseño moderno y máxima funcionalidad para tu cocina. Su terminación en <strong data-start="271" data-end="283">Nebraska</strong> aporta un estilo cálido y elegante, adaptándose a diferentes ambientes y decoraciones.</p>
<p data-start="374" data-end="713">✔️ Medidas: 140 cm de ancho – amplio espacio de guardado.<br data-start="431" data-end="434" />✔️ Terminación en <strong data-start="452" data-end="470">color Nebraska</strong>, moderna y sofisticada.<br data-start="494" data-end="497" />✔️ Fabricado con materiales resistentes y de fácil limpieza.<br data-start="557" data-end="560" />✔️ Incluye varios compartimentos y puertas para organizar utensilios, vajilla y alimentos.<br data-start="650" data-end="653" />✔️ Diseño robusto y funcional, pensado para el uso diario.</p>
<p data-start="715" data-end="839">Un mueble que une <strong data-start="733" data-end="766">calidad, practicidad y estilo</strong>, ideal para mantener tu cocina organizada y con un look contemporáneo.</p>

<p>El Bajo Mesada Richezze Arco de 140 cm en color Nebraska combina diseño moderno y máxima funcionalidad para tu cocina. Su terminación en Nebraska aporta un estilo cálido y elegante, adaptándose a diferentes ambientes y decoraciones. ✔️ Medidas: 140 cm de ancho – amplio espacio de guardado.✔️ Terminación en color Nebraska, moderna y sofisticada.✔️ Fabricado [&hellip;]</p>
