{"id":23654,"date":"2025-09-23T19:19:19","date_gmt":"2025-09-23T22:19:19","guid":{"rendered":"https:\/\/ihogar.com.ar\/litoral\/?post_type=product&#038;p=23654"},"modified":"2026-01-23T11:57:31","modified_gmt":"2026-01-23T14:57:31","slug":"bajo-mesada-40-salerno-toledo-ricchezze","status":"publish","type":"product","link":"https:\/\/ihogar.com.ar\/litoral\/producto\/bajo-mesada-40-salerno-toledo-ricchezze\/","title":{"rendered":"BAJO MESADA 40 SALERNO TOLEDO &#8211; RICCHEZZE"},"content":{"rendered":"<p data-start=\"110\" data-end=\"368\">El <strong data-start=\"113\" data-end=\"170\">Bajo Mesada Richezze Salerno de 40 cm en color Toledo<\/strong> es un mueble compacto y funcional, perfecto para aprovechar al m\u00e1ximo cada espacio de tu cocina. Su terminaci\u00f3n en <strong data-start=\"286\" data-end=\"296\">Toledo<\/strong> aporta un estilo c\u00e1lido y moderno que combina con cualquier ambiente.<\/p>\n<p data-start=\"370\" data-end=\"693\">\u2714\ufe0f Medidas: 40 cm de ancho \u2013 tama\u00f1o reducido y pr\u00e1ctico.<br data-start=\"426\" data-end=\"429\" \/>\u2714\ufe0f Terminaci\u00f3n en <strong data-start=\"447\" data-end=\"463\">color Toledo<\/strong>, sobria y elegante.<br data-start=\"483\" data-end=\"486\" \/>\u2714\ufe0f Fabricado con materiales resistentes y f\u00e1ciles de limpiar.<br data-start=\"547\" data-end=\"550\" \/>\u2714\ufe0f Compartimento ideal para utensilios, condimentos o elementos de uso diario.<br data-start=\"628\" data-end=\"631\" \/>\u2714\ufe0f Dise\u00f1o robusto y duradero, pensado para el uso cotidiano.<\/p>\n<p data-start=\"695\" data-end=\"808\">Un bajo mesada peque\u00f1o en tama\u00f1o pero grande en utilidad, que suma <strong data-start=\"762\" data-end=\"793\">orden, estilo y practicidad<\/strong> a tu cocina.<\/p>\n","protected":false},"excerpt":{"rendered":"<p>El Bajo Mesada Richezze Salerno de 40 cm en color Toledo es un mueble compacto y funcional, perfecto para aprovechar al m\u00e1ximo cada espacio de tu cocina. Su terminaci\u00f3n en Toledo aporta un estilo c\u00e1lido y moderno que combina con cualquier ambiente. \u2714\ufe0f Medidas: 40 cm de ancho \u2013 tama\u00f1o reducido y pr\u00e1ctico.\u2714\ufe0f Terminaci\u00f3n en [&hellip;]<\/p>\n","protected":false},"featured_media":23655,"comment_status":"open","ping_status":"closed","template":"","meta":[],"product_cat":[20],"product_tag":[],"class_list":["post-23654","product","type-product","status-publish","has-post-thumbnail","hentry","product_cat-sin-categorizar"],"_links":{"self":[{"href":"https:\/\/ihogar.com.ar\/litoral\/wp-json\/wp\/v2\/product\/23654","targetHints":{"allow":["GET"]}}],"collection":[{"href":"https:\/\/ihogar.com.ar\/litoral\/wp-json\/wp\/v2\/product"}],"about":[{"href":"https:\/\/ihogar.com.ar\/litoral\/wp-json\/wp\/v2\/types\/product"}],"replies":[{"embeddable":true,"href":"https:\/\/ihogar.com.ar\/litoral\/wp-json\/wp\/v2\/comments?post=23654"}],"wp:featuredmedia":[{"embeddable":true,"href":"https:\/\/ihogar.com.ar\/litoral\/wp-json\/wp\/v2\/media\/23655"}],"wp:attachment":[{"href":"https:\/\/ihogar.com.ar\/litoral\/wp-json\/wp\/v2\/media?parent=23654"}],"wp:term":[{"taxonomy":"product_cat","embeddable":true,"href":"https:\/\/ihogar.com.ar\/litoral\/wp-json\/wp\/v2\/product_cat?post=23654"},{"taxonomy":"product_tag","embeddable":true,"href":"https:\/\/ihogar.com.ar\/litoral\/wp-json\/wp\/v2\/product_tag?post=23654"}],"curies":[{"name":"wp","href":"https:\/\/api.w.org\/{rel}","templated":true}]}}

<p data-start="110" data-end="368">El <strong data-start="113" data-end="170">Bajo Mesada Richezze Salerno de 40 cm en color Toledo</strong> es un mueble compacto y funcional, perfecto para aprovechar al máximo cada espacio de tu cocina. Su terminación en <strong data-start="286" data-end="296">Toledo</strong> aporta un estilo cálido y moderno que combina con cualquier ambiente.</p>
<p data-start="370" data-end="693">✔️ Medidas: 40 cm de ancho – tamaño reducido y práctico.<br data-start="426" data-end="429" />✔️ Terminación en <strong data-start="447" data-end="463">color Toledo</strong>, sobria y elegante.<br data-start="483" data-end="486" />✔️ Fabricado con materiales resistentes y fáciles de limpiar.<br data-start="547" data-end="550" />✔️ Compartimento ideal para utensilios, condimentos o elementos de uso diario.<br data-start="628" data-end="631" />✔️ Diseño robusto y duradero, pensado para el uso cotidiano.</p>
<p data-start="695" data-end="808">Un bajo mesada pequeño en tamaño pero grande en utilidad, que suma <strong data-start="762" data-end="793">orden, estilo y practicidad</strong> a tu cocina.</p>

<p>El Bajo Mesada Richezze Salerno de 40 cm en color Toledo es un mueble compacto y funcional, perfecto para aprovechar al máximo cada espacio de tu cocina. Su terminación en Toledo aporta un estilo cálido y moderno que combina con cualquier ambiente. ✔️ Medidas: 40 cm de ancho – tamaño reducido y práctico.✔️ Terminación en [&hellip;]</p>
