{"id":23668,"date":"2025-09-23T19:32:55","date_gmt":"2025-09-23T22:32:55","guid":{"rendered":"https:\/\/ihogar.com.ar\/litoral\/?post_type=product&#038;p=23668"},"modified":"2026-01-05T11:06:45","modified_gmt":"2026-01-05T14:06:45","slug":"bajo-mesada-160-cascina-arcilla-sorrento-ricchezze","status":"publish","type":"product","link":"https:\/\/ihogar.com.ar\/litoral\/producto\/bajo-mesada-160-cascina-arcilla-sorrento-ricchezze\/","title":{"rendered":"BAJO MESADA 160 CASCINA ARCILLA SORRENTO -RICCHEZZE"},"content":{"rendered":"<p data-start=\"152\" data-end=\"444\">El <strong data-start=\"155\" data-end=\"249\">Bajo Mesada Richezze Sorrento de 160 cm con 2 puertas y 5 cajones en color Cascina Arcilla<\/strong> ofrece <strong data-start=\"257\" data-end=\"289\">m\u00e1xima capacidad de guardado<\/strong> con un dise\u00f1o moderno y funcional. Su terminaci\u00f3n en <strong data-start=\"343\" data-end=\"362\">Cascina Arcilla<\/strong> aporta calidez y elegancia, convirti\u00e9ndolo en una pieza central para tu cocina.<\/p>\n<p data-start=\"446\" data-end=\"785\">\u2714\ufe0f Medidas: 160 cm de ancho \u2013 ideal para quienes necesitan m\u00e1s espacio.<br data-start=\"517\" data-end=\"520\" \/>\u2714\ufe0f Terminaci\u00f3n en <strong data-start=\"538\" data-end=\"563\">color Cascina Arcilla<\/strong>, c\u00e1lida y moderna.<br data-start=\"582\" data-end=\"585\" \/>\u2714\ufe0f Fabricado con materiales resistentes y f\u00e1ciles de limpiar.<br data-start=\"646\" data-end=\"649\" \/>\u2714\ufe0f Incluye <strong data-start=\"660\" data-end=\"685\">2 puertas y 5 cajones<\/strong> para organizar vajilla, utensilios y alimentos.<br data-start=\"733\" data-end=\"736\" data-is-only-node=\"\" \/>\u2714\ufe0f Dise\u00f1o robusto y pensado para el uso diario.<\/p>\n<p data-start=\"787\" data-end=\"923\">Un bajo mesada que combina <strong data-start=\"814\" data-end=\"849\">estilo, practicidad y capacidad<\/strong>, perfecto para mantener tu cocina ordenada y con un look contempor\u00e1neo.<\/p>\n","protected":false},"excerpt":{"rendered":"<p>El Bajo Mesada Richezze Sorrento de 160 cm con 2 puertas y 5 cajones en color Cascina Arcilla ofrece m\u00e1xima capacidad de guardado con un dise\u00f1o moderno y funcional. Su terminaci\u00f3n en Cascina Arcilla aporta calidez y elegancia, convirti\u00e9ndolo en una pieza central para tu cocina. \u2714\ufe0f Medidas: 160 cm de ancho \u2013 ideal para [&hellip;]<\/p>\n","protected":false},"featured_media":23669,"comment_status":"open","ping_status":"closed","template":"","meta":[],"product_cat":[345,85,22],"product_tag":[],"class_list":["post-23668","product","type-product","status-publish","has-post-thumbnail","hentry","product_cat-bajo-mesadas","product_cat-cocina","product_cat-muebles"],"_links":{"self":[{"href":"https:\/\/ihogar.com.ar\/litoral\/wp-json\/wp\/v2\/product\/23668","targetHints":{"allow":["GET"]}}],"collection":[{"href":"https:\/\/ihogar.com.ar\/litoral\/wp-json\/wp\/v2\/product"}],"about":[{"href":"https:\/\/ihogar.com.ar\/litoral\/wp-json\/wp\/v2\/types\/product"}],"replies":[{"embeddable":true,"href":"https:\/\/ihogar.com.ar\/litoral\/wp-json\/wp\/v2\/comments?post=23668"}],"wp:featuredmedia":[{"embeddable":true,"href":"https:\/\/ihogar.com.ar\/litoral\/wp-json\/wp\/v2\/media\/23669"}],"wp:attachment":[{"href":"https:\/\/ihogar.com.ar\/litoral\/wp-json\/wp\/v2\/media?parent=23668"}],"wp:term":[{"taxonomy":"product_cat","embeddable":true,"href":"https:\/\/ihogar.com.ar\/litoral\/wp-json\/wp\/v2\/product_cat?post=23668"},{"taxonomy":"product_tag","embeddable":true,"href":"https:\/\/ihogar.com.ar\/litoral\/wp-json\/wp\/v2\/product_tag?post=23668"}],"curies":[{"name":"wp","href":"https:\/\/api.w.org\/{rel}","templated":true}]}}